{"id":17886,"date":"2026-04-28T16:32:46","date_gmt":"2026-04-28T14:32:46","guid":{"rendered":"https:\/\/bastille-grenoble.fr\/?post_type=event&#038;p=17886"},"modified":"2026-04-29T11:05:21","modified_gmt":"2026-04-29T09:05:21","slug":"fete-de-la-musique-2026-avec-lharmonie-de-grenoble-dimanche-21-juin-2026","status":"publish","type":"event","link":"https:\/\/bastille-grenoble.fr\/en\/event\/fete-de-la-musique-2026-avec-lharmonie-de-grenoble-dimanche-21-juin-2026\/","title":{"rendered":"F\u00eate de la Musique 2026 avec l&#8217;Harmonie de Grenoble : dimanche 21 juin 2026 !"},"content":{"rendered":"\r\n    <div class=\"container-information \">\r\n        <div class=\"block-information\">\r\n            <ul>\n<li>Dimanche 21 juin 2026 \u00e0 partir de 16h.<\/li>\n<li>Fort de la Bastille.<\/li>\n<li>Concert offert.<\/li>\n<li>Acc\u00e8s en t\u00e9l\u00e9ph\u00e9rique aux tarifs habituels.<\/li>\n<\/ul>\n            <div class=\"wrapper-img\">\r\n                <img decoding=\"async\" src=\"https:\/\/bastille-grenoble.fr\/wp-content\/themes\/la-bastille-grenoble\/ressources\/icons\/info_red.svg\"\r\n                     alt=\"info icon\">\r\n            <\/div>\r\n                    <\/div>\r\n    <\/div>\r\n\n\n    <div class=\"spacer mobile-hidden \" style=\"height:20px\"><\/div>\r\n    <div class=\"spacer laptop-hidden\" style=\"height:20px\"><\/div>\r\n\n\n    <div class=\"wysiwyg-paragraph defaut \">\r\n        <p>Toute l\u2019association de l&#8217;<strong>Harmonie de Grenoble<\/strong>, petits et grands, vous invitent \u00e0 venir c\u00e9l\u00e9brer avec eux la\u00a0<strong>F\u00eate de la Musique 2026<\/strong>\u00a0au\u00a0<strong>Fort de la Bastille <\/strong>!<\/p>\n<p>&nbsp;<\/p>\n<p>Du\u00a0<strong><em>d\u00e9butant au musicien confirm\u00e9<\/em><\/strong>, ils partageront avec vous leur passion pour la musique.<\/p>\n<p>&nbsp;<\/p>\n<p>Les <strong>ensembles<\/strong> s&#8217;encha\u00eenront avec \u00e9nergie, ponctu\u00e9s de <em>duos<\/em>, <em>trios<\/em> et <em>quatuors<\/em> pour rythmer le concert et varier les ambiances musicales.<\/p>\n<p>&nbsp;<\/p>\n<p>Vous aurez le plaisir d&#8217;\u00e9couter :<\/p>\n<ul>\n<li><strong>Le BEC<\/strong>\u00a0(Clarinettes),<\/li>\n<li><strong>Le VOF<\/strong>\u00a0(Fl\u00fbtes),<\/li>\n<li><strong>Les Saxo\u2019Notes<\/strong>\u00a0(Saxophones),<\/li>\n<li><strong>Les orchestres Cadet et Junior,<\/strong><\/li>\n<\/ul>\n<p>&nbsp;<\/p>\n<p>Sans oublier\u00a0<strong>le Grand Orchestre d\u2019Harmonie<\/strong>\u00a0et ses\u00a0<strong>55 musiciens<\/strong>\u00a0!<\/p>\n<p>&nbsp;<\/p>\n<p><em>Plus d&#8217;informations \u00e0 venir, restez connect\u00e9s !\u00a0<\/em><\/p>\n    <\/div>\r\n","protected":false},"excerpt":{"rendered":"","protected":false},"featured_media":17890,"template":"","meta":{"_acf_changed":true},"event_type":[36],"class_list":["post-17886","event","type-event","status-publish","has-post-thumbnail","hentry","event_type-concert"],"acf":[],"_links":{"self":[{"href":"https:\/\/bastille-grenoble.fr\/en\/wp-json\/wp\/v2\/event\/17886","targetHints":{"allow":["GET"]}}],"collection":[{"href":"https:\/\/bastille-grenoble.fr\/en\/wp-json\/wp\/v2\/event"}],"about":[{"href":"https:\/\/bastille-grenoble.fr\/en\/wp-json\/wp\/v2\/types\/event"}],"wp:featuredmedia":[{"embeddable":true,"href":"https:\/\/bastille-grenoble.fr\/en\/wp-json\/wp\/v2\/media\/17890"}],"wp:attachment":[{"href":"https:\/\/bastille-grenoble.fr\/en\/wp-json\/wp\/v2\/media?parent=17886"}],"wp:term":[{"taxonomy":"event_type","embeddable":true,"href":"https:\/\/bastille-grenoble.fr\/en\/wp-json\/wp\/v2\/event_type?post=17886"}],"curies":[{"name":"wp","href":"https:\/\/api.w.org\/{rel}","templated":true}]}}

Fête de la Musique 2026 avec l&#8217;Harmonie de Grenoble : dimanche 21 juin 2026 !

<div class="container-information ">
        <div class="block-information">
            <ul>
<li>Dimanche 21 juin 2026 à partir de 16h.</li>
<li>Fort de la Bastille.</li>
<li>Concert offert.</li>
<li>Accès en téléphérique aux tarifs habituels.</li>
</ul>
            <div class="wrapper-img">
                <img decoding="async" src="https://bastille-grenoble.fr/wp-content/themes/la-bastille-grenoble/ressources/icons/info_red.svg"
                     alt="info icon">
            </div>
                    </div>
    </div>


    <div class="spacer mobile-hidden " style="height:20px"></div>
    <div class="spacer laptop-hidden" style="height:20px"></div>


    <div class="wysiwyg-paragraph defaut ">
        <p>Toute l’association de l&#8217;<strong>Harmonie de Grenoble</strong>, petits et grands, vous invitent à venir célébrer avec eux la <strong>Fête de la Musique 2026</strong> au <strong>Fort de la Bastille </strong>!</p>
<p>&nbsp;</p>
<p>Du <strong><em>débutant au musicien confirmé</em></strong>, ils partageront avec vous leur passion pour la musique.</p>
<p>&nbsp;</p>
<p>Les <strong>ensembles</strong> s&#8217;enchaînront avec énergie, ponctués de <em>duos</em>, <em>trios</em> et <em>quatuors</em> pour rythmer le concert et varier les ambiances musicales.</p>
<p>&nbsp;</p>
<p>Vous aurez le plaisir d&#8217;écouter :</p>
<ul>
<li><strong>Le BEC</strong> (Clarinettes),</li>
<li><strong>Le VOF</strong> (Flûtes),</li>
<li><strong>Les Saxo’Notes</strong> (Saxophones),</li>
<li><strong>Les orchestres Cadet et Junior,</strong></li>
</ul>
<p>&nbsp;</p>
<p>Sans oublier <strong>le Grand Orchestre d’Harmonie</strong> et ses <strong>55 musiciens</strong> !</p>
<p>&nbsp;</p>
<p><em>Plus d&#8217;informations à venir, restez connectés ! </em></p>
    </div>
