{"id":15708,"date":"2025-02-18T10:03:38","date_gmt":"2025-02-18T09:03:38","guid":{"rendered":"https:\/\/bastille-grenoble.fr\/?post_type=event&#038;p=15708"},"modified":"2025-02-21T11:16:57","modified_gmt":"2025-02-21T10:16:57","slug":"vibrations-festival-passion","status":"publish","type":"event","link":"https:\/\/bastille-grenoble.fr\/en\/event\/vibrations-festival-passion\/","title":{"rendered":"Vibration(s)\u00a0&#8211; Festival \u00ab\u00a0Passion\u00a0\u00bb"},"content":{"rendered":"\r\n    <div class=\"container-information \">\r\n        <div class=\"block-information\">\r\n            <p>du 25 mars au 6 avril 2025<\/p>\n<ul>\n<li>Du mardi au vendredi de 13h \u00e0 17h<\/li>\n<li>Samedi et dimanche de 13h \u00e0 18h<\/li>\n<li>Ferm\u00e9 le lundi<\/li>\n<li>Inauguration le mardi 25 mars de 18h30 \u00e0 21h30<\/li>\n<\/ul>\n<p>Salle Dutrievoz<\/p>\n<p>Entr\u00e9e libre et gratuite<\/p>\n<p><b>INFOS +<\/b><\/p>\n<ul>\n<li>200 allers-retours en t\u00e9l\u00e9ph\u00e9rique offerts pour l\u2019inauguration &#8211; R\u00e9servation\u00a0: <a href=\"http:\/\/culture.univ-grenoble-alpes.fr\" target=\"_blank\" rel=\"noopener\">culture.univ-grenoble-alpes.fr<\/a><\/li>\n<li>Des ateliers seront propos\u00e9s gratuitement au public les week-ends.<\/li>\n<\/ul>\n            <div class=\"wrapper-img\">\r\n                <img decoding=\"async\" src=\"https:\/\/bastille-grenoble.fr\/wp-content\/themes\/la-bastille-grenoble\/ressources\/icons\/info_red.svg\"\r\n                     alt=\"info icon\">\r\n            <\/div>\r\n                    <\/div>\r\n    <\/div>\r\n\n\n    <div class=\"spacer mobile-hidden \" style=\"height:20px\"><\/div>\r\n    <div class=\"spacer laptop-hidden\" style=\"height:20px\"><\/div>\r\n\n\n    <div class=\"wysiwyg-paragraph defaut \">\r\n        <p>En pr\u00e9am\u00abbulle\u00bb du Festival Culturel Universitaire &#8220;Passion&#8221;, empruntez le t\u00e9l\u00e9ph\u00e9rique qui vous m\u00e8nera jusqu\u2019\u00e0 la Bastille et venez inaugurer le mardi 25 mars de 18h30 \u00e0 21h30 au sein de la salle Dutrievoz l\u2019exposition Vibration(s)\u00a0pour une soir\u00e9e qui m\u00ealera visite, d\u00e9fil\u00e9, lectures et performances.<\/p>\n<p>&nbsp;<\/p>\n<p>Dans une sc\u00e9nographie imagin\u00e9e par Emilie Baldini, directrice du Centre d\u2019Art Bastille et commissaire de cette exposition, d\u00e9couvrez les multiples \u0153uvres \u00e9tudiantes, qui, dans un environnement sombre et humide ne manqueront pas d\u2019attiser votre flamme.<\/p>\n<p>&nbsp;<\/p>\n<p>Cartographie sensible, triptyque charnel, tableaux fantastiques, cr\u00e9ations sonores et visuelles, installations plastiques et photographiques sensuelles ou obsessionnelles, plongez au c\u0153ur de leurs passions destructrices, architectes, obsessives ou l\u00e9g\u00e8res.<\/p>\n<p>&nbsp;<\/p>\n<p>Promis, vous ne resterez pas de pierre\u00a0!<\/p>\n<p>&nbsp;<\/p>\n<p><i>Partenaires<\/i>\u00a0:<br \/>\nR\u00e9gie du T\u00e9l\u00e9ph\u00e9rique Grenoble Bastille \/ Centre d\u2019art Bastille<\/p>\n<p>&nbsp;<\/p>\n<p><i>Les artistes \u00e9tudiants et associations \u00e9tudiantes<\/i>\u00a0:<br \/>\nAmbre \/ BDA IEP &#8211; Athmos \/ Camille \/ Emilie \/ INProd \/ Julia \/ L\u00e9na \/ Mathilde \/ Nina \/ Pierre \/ Salom\u00e9 \/ Tatiana<\/p>\n<p>&nbsp;<\/p>\n<p><i>Accompagnement artistique<\/i>\u00a0:<br \/>\nEmilie Baldini et Nicholas Morris du Centre d\u2019art Bastille<\/p>\n    <\/div>\r\n\n\n    <div class=\"spacer mobile-hidden \" style=\"height:20px\"><\/div>\r\n    <div class=\"spacer laptop-hidden\" style=\"height:20px\"><\/div>\r\n","protected":false},"excerpt":{"rendered":"","protected":false},"featured_media":15709,"template":"","meta":{"_acf_changed":false},"event_type":[8],"class_list":["post-15708","event","type-event","status-publish","has-post-thumbnail","hentry","event_type-exposition"],"acf":[],"_links":{"self":[{"href":"https:\/\/bastille-grenoble.fr\/en\/wp-json\/wp\/v2\/event\/15708","targetHints":{"allow":["GET"]}}],"collection":[{"href":"https:\/\/bastille-grenoble.fr\/en\/wp-json\/wp\/v2\/event"}],"about":[{"href":"https:\/\/bastille-grenoble.fr\/en\/wp-json\/wp\/v2\/types\/event"}],"wp:featuredmedia":[{"embeddable":true,"href":"https:\/\/bastille-grenoble.fr\/en\/wp-json\/wp\/v2\/media\/15709"}],"wp:attachment":[{"href":"https:\/\/bastille-grenoble.fr\/en\/wp-json\/wp\/v2\/media?parent=15708"}],"wp:term":[{"taxonomy":"event_type","embeddable":true,"href":"https:\/\/bastille-grenoble.fr\/en\/wp-json\/wp\/v2\/event_type?post=15708"}],"curies":[{"name":"wp","href":"https:\/\/api.w.org\/{rel}","templated":true}]}}

<div class="container-information ">
        <div class="block-information">
            <p>du 25 mars au 6 avril 2025</p>
<ul>
<li>Du mardi au vendredi de 13h à 17h</li>
<li>Samedi et dimanche de 13h à 18h</li>
<li>Fermé le lundi</li>
<li>Inauguration le mardi 25 mars de 18h30 à 21h30</li>
</ul>
<p>Salle Dutrievoz</p>
<p>Entrée libre et gratuite</p>
<p><b>INFOS +</b></p>
<ul>
<li>200 allers-retours en téléphérique offerts pour l’inauguration &#8211; Réservation : <a href="http://culture.univ-grenoble-alpes.fr" target="_blank" rel="noopener">culture.univ-grenoble-alpes.fr</a></li>
<li>Des ateliers seront proposés gratuitement au public les week-ends.</li>
</ul>
            <div class="wrapper-img">
                <img decoding="async" src="https://bastille-grenoble.fr/wp-content/themes/la-bastille-grenoble/ressources/icons/info_red.svg"
                     alt="info icon">
            </div>
                    </div>
    </div>


    <div class="spacer mobile-hidden " style="height:20px"></div>
    <div class="spacer laptop-hidden" style="height:20px"></div>


    <div class="wysiwyg-paragraph defaut ">
        <p>En préam«bulle» du Festival Culturel Universitaire &#8220;Passion&#8221;, empruntez le téléphérique qui vous mènera jusqu’à la Bastille et venez inaugurer le mardi 25 mars de 18h30 à 21h30 au sein de la salle Dutrievoz l’exposition Vibration(s) pour une soirée qui mêlera visite, défilé, lectures et performances.</p>
<p>&nbsp;</p>
<p>Dans une scénographie imaginée par Emilie Baldini, directrice du Centre d’Art Bastille et commissaire de cette exposition, découvrez les multiples œuvres étudiantes, qui, dans un environnement sombre et humide ne manqueront pas d’attiser votre flamme.</p>
<p>&nbsp;</p>
<p>Cartographie sensible, triptyque charnel, tableaux fantastiques, créations sonores et visuelles, installations plastiques et photographiques sensuelles ou obsessionnelles, plongez au cœur de leurs passions destructrices, architectes, obsessives ou légères.</p>
<p>&nbsp;</p>
<p>Promis, vous ne resterez pas de pierre !</p>
<p>&nbsp;</p>
<p><i>Partenaires</i> :<br />
Régie du Téléphérique Grenoble Bastille / Centre d’art Bastille</p>
<p>&nbsp;</p>
<p><i>Les artistes étudiants et associations étudiantes</i> :<br />
Ambre / BDA IEP &#8211; Athmos / Camille / Emilie / INProd / Julia / Léna / Mathilde / Nina / Pierre / Salomé / Tatiana</p>
<p>&nbsp;</p>
<p><i>Accompagnement artistique</i> :<br />
Emilie Baldini et Nicholas Morris du Centre d’art Bastille</p>
    </div>


    <div class="spacer mobile-hidden " style="height:20px"></div>
    <div class="spacer laptop-hidden" style="height:20px"></div>
